5898?
5
What is the tens digit of 64904?
0
What is the units digit of 1849?
9
What is the units digit of 1053?
3
What is the tens digit of 18629?
2
What is the units digit of 913?
3
What is the tens digit of 7457?
5
What is the thousands digit of 6814?
6
What is the thousands digit of 139620?
9
What is the ten thousands digit of 16518?
1
What is the hundreds digit of 1078?
0
What is the thousands digit of 6459?
6
What is the tens digit of 4173?
7
What is the units digit of 911?
1
What is the hundreds digit of 35447?
4
What is the thousands digit of 1449?
1
What is the tens digit of 12189?
8
What is the tens digit of 3084?
8
What is the tens digit of 6483?
8
What is the tens digit of 24817?
1
What is the ten thousands digit of 30755?
3
What is the tens digit of 7214?
1
What is the hundreds digit of 2279?
2
What is the hundreds digit of 2696?
6
What is the ten thousands digit of 46637?
4
What is the tens digit of 17537?
3
What is the units digit of 31882?
2
What is the ten thousands digit of 17043?
1
What is the thousands digit of 6678?
6
What is the units digit of 215?
5
What is the units digit of 113676?
6
What is the tens digit of 165?
6
What is the thousands digit of 8346?
8
What is the units digit of 9315?
5
What is the thousands digit of 50348?
0
What is the tens digit of 4050?
5
What is the units digit of 2667?
7
What is the units digit of 578?
8
What is the tens digit of 1190?
9
What is the units digit of 56488?
8
What is the tens digit of 13902?
0
What is the thousands digit of 18957?
8
What is the hundreds digit of 1233?
2
What is the tens digit of 12294?
9
What is the hundreds digit of 156571?
5
What is the tens digit of 1695?
9
What is the thousands digit of 10523?
0
What is the hundreds digit of 2722?
7
What is the ten thousands digit of 48926?
4
What is the tens digit of 18045?
4
What is the units digit of 846?
6
What is the tens digit of 1669?
6
What is the units digit of 529?
9
What is the units digit of 46773?
3
What is the thousands digit of 6476?
6
What is the units digit of 5850?
0
What is the hundreds digit of 23425?
4
What is the thousands digit of 67488?
7
What is the tens digit of 6142?
4
What is the units digit of 36?
6
What is the hundreds digit of 1235?
2
What is the hundreds digit of 1435?
4
What is the units digit of 907?
7
What is the thousands digit of 20251?
0
What is the hundreds digit of 1644?
6
What is the units digit of 2425?
5
What is the thousands digit of 3033?
3
What is the hundreds digit of 668?
6
What is the thousands digit of 27432?
7
What is the units digit of 710?
0
What is the tens digit of 4122?
2
What is the units digit of 2451?
1
What is the hundreds digit of 6591?
5
What is the units digit of 55686?
6
What is the tens digit of 29498?
9
What is the thousands digit of 25585?
5
What is the ten thousands digit of 15876?
1
What is the tens digit of 4371?
7
What is the hundred thousands digit of 171003?
1
What is the tens digit of 22944?
4
What is the thousands digit of 76854?
6
What is the units digit of 258?
8
What is the units digit of 1853?
3
What is the tens digit of 33269?
6
What is the hundreds digit of 70949?
9
What is the hundreds digit of 5511?
5
What is the ten thousands digit of 42619?
4
What is the hundreds digit of 9733?
7
What is the tens digit of 376?
7
What is the hundreds digit of 948?
9
What is the hundreds digit of 14124?
1
What is the hundreds digit of 27842?
8
What is the tens digit of 4245?
4
What is the units digit of 2557?
7
What is the units digit of 1351?
1
What is the hundreds digit of 26847?
8
What is the units digit of 342?
2
What is the ten thousands digit of 23524?
2
What is the ten thousands digit of 56746?
5
What is the hundreds digit of 13149?
1
What is the tens digit of 8685?
8
What is the tens digit of 3953?
5
What is the tens digit of 25458?
5
What is the thousands digit of 30206?
0
What is the hundreds digit of 22974?
9
What is the tens digit of 786?
8
What is the hundreds digit of 660?
6
What is the units digit of 28077?
7
What is the tens digit of 7319?
1
What is the tens digit of 1165?
6
What is the hundreds digit of 107668?
6
What is the thousands digit of 1057?
1
What is the units digit of 1867?
7
What is the units digit of 9355?
5
What is the units digit of 42779?
9
What is the tens digit of 657?
5
What is the units digit of 739?
9
What is the hundreds digit of 17013?
0
What is the tens digit of 130894?
9
What is the hundreds digit of 4735?
7
What is the ten thousands digit of 62575?
6
What is the thousands digit of 53511?
3
What is the units digit of 169?
9
What is the thousands digit of 6196?
6
What is the ten thousands digit of 26455?
2
What is the thousands digit of 1237?
1
What is the tens digit of 516?
1
What is the tens digit of 79?
7
What is the thousands digit of 25934?
5
What is the tens digit of 976?
7
What is the tens digit of 30444?
4
What is the hundreds digit of 360?
3
What is the hundreds digit of 373?
3
What is the hundreds digit of 1197?
1
What is the tens digit of 8927?
2
What is the hundreds digit of 17838?
8
What is the thousands digit of 8925?
8
What is the units digit of 39480?
0
What is the hundreds digit of 374?
3
What is the thousands digit of 32807?
2
What is the tens digit of 1051?
5
What is the units digit of 33168?
8
What is the thousands digit of 3614?
3
What is the ten thousands digit of 71383?
7
What is the units digit of 12566?
6
What is the thousands digit of 41054?
1
What is the hundreds digit of 7666?
6
What is the hundreds digit of 11636?
6
What is the thousands digit of 1182?
1
What is the tens digit of 1012?
1
What is the units digit of 39954?
4
What is the thousands digit of 1896?
1
What is the units digit of 43184?
4
What is the units digit of 940?
0
What is the hundreds digit of 49991?
9
What is the hundreds digit of 6735?
7
What is the ten thousands digit of 40032?
4
What is the units digit of 1064?
4
What is the units digit of 2079?
9
What is the units digit of 78?
8
What is the tens digit of 2082?
8
What is the units digit of 414?
4
What is the units digit of 8761?
1
What is the thousands digit of 20311?
0
What is the thousands digit of 1622?
1
What is the units digit of 1238?
8
What is the units digit of 121594?
4
What is the hundreds digit of 19125?
1
What is the hundreds digit of 1836?
8
What is the tens digit of 2987?
8
What is the ten thousands digit of 72221?
7
What is the ten thousands digit of 49627?
4
What is the tens digit of 3420?
2
What is the tens digit of 1392?
9
What is the hundreds digit of 197?
1
What is the hundreds digit of 3948?
9
What is the units digit of 339?
9
What is the hundreds digit of 844?
8
What is the thousands digit of 4971?
4
What is the units digit of 56820?
0
What is the tens digit of 470?
7
What is the hundreds digit of 7106?
1
What is the tens digit of 41788?
8
What is the units digit of 541?
1
What is the hundreds digit of 6033?
0
What is the units digit of 445?
5
What is the tens digit of 68?
6
What is the thousands digit of 14355?
4
What is the hundreds digit of 1571?
5
What is the hundreds digit of 1887?
8
What is the tens digit of 4129?
2
What is the ten thousands digit of 13849?
1
What is the hundreds digit of 53998?
9
What is the units digit of 1558?
8
What is the units digit of 20846?
6
What is the units digit of 65599?
9
What is the hundreds digit of 33586?
5
What is the tens digit of 20945?
4
What is the tens digit of 18480?
8
What is the tens digit of 912?
1
What is the ten thousands digit of 46499?
4
What is the thousands digit of 6520?
6
What is the tens digit of 862?
6
What is the units digit of 56252?
2
What is the hundreds digit of 410?
4
What is the thousands digit of 22791?
2
What is the tens digit of 3990?
9
What is the hundreds digit of 231?
2
What is the hundreds digit of 2885?
8
What is the thousands digit of 1999?
1
What is the units digit of 766?
6
What is the hundreds digit of 21806?
8
What is the units digit of 34387?
7
What is the units digit of 4519?
9
What is the thousands digit of 2583?
2
What is the tens digit of 2425?
2
What is the thousands digit of 1024?
1
What is the units digit of 3438?
8
What is the thousands digit of 6993?
6
What is the hundreds digit of 8192?
1
What is the hundreds digit of 172?
1
What is the hundreds digit of 1104?
